12
Convert 38b96 (base 12) to base 7.
442422
-15a95a (base 11) to base 16
-3cb90
What is 42ab8 (base 14) in base 2?
100111010111111010
What is -4234444430 (base 5) in base 6?
-514520332
What is -20aa59 (base 13) in base 4?
-2323011300
-5357035 (base 9) to base 5
-1213403132
Convert 1413443304 (base 5) to base 16.
37c98f
-224ab4 (base 13) to base 16
-c5d5d
What is 48b51 (base 12) in base 7?
556630
What is 1a292 (base 15) in base 11?
58919
Convert -23343 (base 11) to base 16.
-8395
Convert -80323 (base 9) to base 13.
-1b01b
What is 18b6 (base 13) in base 9?
5058
Convert -110112112002 (base 3) to base 11.
-159458
Convert 313245211 (base 6) to base 13.
119b7b3
264255 (base 7) to base 10
49530
10021012222210 (base 3) to base 5
421031342
Convert 1440024414 (base 5) to base 6.
214031224
What is -1900844 (base 11) in base 6?
-153020500
Convert -15540270 (base 9) to base 6.
-434210400
What is -b886b (base 16) in base 5?
-143141234
-2527a5a (base 11) to base 6
-234015551
What is d30a7 (base 14) in base 3?
221210112221
Convert 32d1c9 (base 15) to base 12.
98a700
-1010000001010101110 (base 2) to base 16
-502ae
61957 (base 11) to base 14
24cc0
What is 22020031211 (base 4) in base 9?
4886065
Convert -8b4380 (base 12) to base 2.
-1000011111100000010000
173b6b3 (base 12) to base 4
102112110213
2000101102221 (base 3) to base 9
2011387
What is -83689 (base 14) in base 2?
-1001101010110111001
3011056 (base 7) to base 11
2232a3
Convert 110130010223 (base 4) to base 5.
2332422432
5b2044 (base 12) to base 11
918844
What is -2551a2 (base 11) in base 13?
-1110b1
1124711 (base 9) to base 15
bed3a
What is 10000101101111111 (base 2) in base 13?
25228
Convert -13d64a (base 15) to base 11.
-5a3737
What is -b5043 (base 12) in base 16?
-39cf3
-2431122232 (base 5) to base 12
-1b00216
2030434311 (base 5) to base 8
17664275
1752658 (base 11) to base 3
12121011201110
446bb8 (base 13) to base 10
1614608
Convert 32031020 (base 5) to base 8.
1012563
Convert -6713b (base 14) to base 16.
-3d061
Convert -294ac4 (base 16) to base 9.
-5074075
-1020210002121 (base 3) to base 12
-28095a
What is -1d253c (base 15) in base 14?
-291688
-106228 (base 10) to base 8
-317364
What is -2728059 (base 12) in base 16?
-768c45
Convert -102200302213 (base 4) to base 8.
-22406247
Convert -204204442 (base 5) to base 15.
-11c082
-4008b5 (base 15) to base 2
-1011100110000011101110
What is -2021532 (base 6) in base 16?
-17840
130311310 (base 4) to base 12
58444
Convert 3133330110 (base 5) to base 13.
1480c27
What is -2448168 (base 9) in base 3?
-2111122012022
-5bf3eb (base 16) to base 12
-202748b
-2f7b64 (base 16) to base 13
-84c4b9
Convert 96080 (base 10) to base 14.
2702c
-1149948 (base 13) to base 6
-310153020
What is 1123140343 (base 5) in base 16?
26f316
What is -753577 (base 8) in base 12?
-101853
What is -13215205 (base 6) in base 5?
-103003114
What is -7026925 (base 11) in base 2?
-101111011100111100001111
What is -1599733 (base 14) in base 15?
-de2de3
What is 225067 (base 8) in base 2?
10010101000110111
-4917b6 (base 16) to base 12
-1730132
What is 70b84 (base 13) in base 6?
4154410
What is -111101010110110 (base 2) in base 9?
-47074
Convert -208ce (base 16) to base 14.
-36834
Convert -1010101001010100101001 (base 2) to base 5.
-1203300242
Convert 4204112 (base 5) to base 9.
115030
Convert -534623 (base 9) to base 14.
-84035
Convert 87888c (base 14) to base 15.
60b7d3
60622 (base 9) to base 7
224150
Convert d04142 (base 14) to base 10.
7002942
What is 5373aa0 (base 11) in base 15?
c69973
40177 (base 12) to base 6
1441031
-2916a (base 12) to base 8
-157642
Convert -16ddc9 (base 16) to base 9.
-2733576
Convert 10524a (base 12) to base 5.
31222233
What is 21045154 (base 7) in base 14?
3433d4
-10dc583 (base 14) to base 6
-444452315
Convert 1062700 (base 8) to base 5.
33210232
1431040 (base 9) to base 12
320099
4a0499 (base 13) to base 14
34189a
Convert 9130a65 (base 11) to base 2.
111101100110111100100000
-122201210 (base 4) to base 10
-108644
Convert -4652 (base 11) to base 16.
-17db
-203222000221 (base 4) to base 8
-43520051
What is -38632356 (base 9) in base 15?
-19ec879
Convert c547da (base 14) to base 11.
38386aa
Convert 1ba6827 (base 12) to base 14.
b0967d
Convert 5b8ac (base 14) to base 12.
a9754
Convert 2522452 (base 6) to base 4.
201003200
What is -1396b6 (base 13) in base 8?
-1645330
40422 (base 10) to base 15
be9c
-15555aa (base 12) to base 8
-20443022
What is -214626 (base 15) in base 16?
-182c85
What is -21105343 (base 6) in base 2?
-10010110010001011111
Convert -1441034014 (base 6) to base 2.
-1000100100010100011011010
Convert -111001000001010101011 (base 2) to base 14.
-368cd5
What is -4a94a (base 15) in base 5?
-30111340
-34a029 (base 12) to base 14
-180825
5102103 (base 9) to base 10
2717796
What is 11241421 (base 6) in base 4?
1110320311
-134311433 (base 5) to base 4
-2222112033
18581a (base 15) to base 3
2020002212121
13242202 (base 7) to base 11
763a80
Convert 1013020032 (base 4) to base 9.
483573
Convert -111333221 (base 4) to base 14.
-24b8d
What is -1111101010011001100111 (base 2) in base 10?
-4105831
Convert -7babb7 (base 16) to base 2.
-11110111010101110110111
What is 3237115 (base 8) in base 9?
1562502
Convert 103213522 (base 6) to base 5.
432243044
1011001010000001110000 (base 2) to base 12
b90614
What is -2013021012 (base 4) in base 6?
-15510410
Convert 20110214 (base 5) to base 13.
57b13
What is 241406513 (base 7) in base 9?
31218148
Convert 110000101010011000101 (base 2) to base 11.
99a025
What is -27a700 (base 12) in base 15?
-d0d39
Convert -1432132533 (base 6) to base 15.
-1856b6c
1100101110010000001110 (base 2) to base 4
30232100032
7338 (base 9) to base 3
21101022
Convert 127899 (base 10) to base 14.
34879
What is 197a6 (base 12) in base 11?
26130
What is 1ac055 (base 14) in base 10?
954987
-4e969 (base 15) to base 4
-331133202
1720549 (base 11) to base 9
5453566
Convert 165f3 (base 16) to base 13.
3292b
Convert 1937a21 (base 12) to base 14.
9bdd21
What is 1110000000100010110001 (base 2) in base 14?
6b83cd
Convert -262d78 (base 14) to base 16.
-140dee
-114833 (base 12) to base 11
-17a689
What is 10730610 (base 9) in base 2?
10011111001100011101010
Convert 1038530 (base 10) to base 14.
1d068a
739b (base 16) to base 10
29595
a8da2 (base 15) to base 5
114130302
-28ac4 (base 14) to base 12
-4a498
Convert 351100 (base 6) to base 9.
45210
Convert -95007 (base 14) to base 4.
-1113300233
-1b6742 (base 13) to base 3
-1022120001121
What is 1523ee (base 16) in base 9?
2541433
-12122110111102 (base 3) to base 13
-810bc6
What is 1541184 (base 10) in base 13?
41c658
What is -49480 (base 11) in base 6?
-1305123
What is -7a881 (base 11) in base 4?
-130201312
What is 103300221 (base 4) in base 3?
11010000200
What is 1c6c49 (base 16) in base 5?
434101404
What is -5e3f1c (base 16) in base 5?
-3040122130
Convert -100000001001000011000 (base 2) to base 4.
-10001020120
Convert -5a60a (base 11) to base 7.
-512243
Convert -131402521 (base 6) to base 14.
-4b8a1b
-1a5921 (base 14) to base 9
-1678003
What is -228600 (base 11) in base 8?
-1304406
-740818 (base 9) to base 4
-1223132330
What is -50b12 (base 15) in base 13?
-8c46b
What is -2227563 (base 8) in base 14?
-11953d
What is -14004322 (base 5) in base 10?
-141212
596351 (base 10) to base 16
9197f
Convert 2a248a (base 12) to base 11.
444893
What is 43532441 (base 6) in base 9?
2405437
Convert 5aa472 (base 14) to base 3.
12211120121020
-111011222001202 (base 3) to base 13
-15b414c
Convert -199a38 (base 12) to base 4.
-1232132030
What is 73193 (base 11) in base 10?
106703
What is 231873 (base 10) in base 4?
320213001
What is 262265 (base 11) in base 10?
412923
66a99 (base 16) to base 5
101424010
-35152 (base 8) to base 6
-153122
What is -11112222 (base 3) in base 10?
-3320
3779 (base 15) to base 11
8970
Convert 139678 (base 15) to base 11.
594613
Convert 204c36 (base 15) to base 13.
4198b0
Convert 5302722 (base 8) to base 13.
3a5031
Convert 33012014 (base 5) to base 14.
74b66
What is 394c7 (base 14) in base 15?
2bb38
Convert -10240220 (base 5) to base 6.
-1510251
-101122224 (base 5) to base 10
-410939
What is -1020221011001 (base 3) in base 12?
-282601
-12bec5 (base 15) to base 2
-11011011111111011101
Convert 101010110000110100 (base 2) t